111101110010100100 (base 2) to base 7.
-35442554
What is -3d79d8 (base 14) in base 3?
-11000102100121
What is 81a098 (base 12) in base 8?
7572364
-3463636 (base 9) to base 4
-13021023033
Convert -256752 (base 8) to base 10.
-89578
What is 166694 (base 10) in base 9?
273585
375969 (base 12) to base 7
10443522
Convert 21077711 (base 8) to base 7.
53104635
Convert -a7ea2 (base 16) to base 8.
-2477242
1111053 (base 8) to base 13
a6474
Convert c30c (base 13) to base 5.
1330013
Convert -4a4635 (base 11) to base 12.
-32507a
-15024221 (base 6) to base 12
-20b071
855307 (base 10) to base 14
1839b5
Convert 17252 (base 8) to base 13.
375b
Convert -25066 (base 15) to base 12.
-584b9
-1001100000010101 (base 2) to base 16
-9815
Convert eb69 (base 16) to base 6.
1143001
What is 210024431 (base 5) in base 14?
185c13
-94687a (base 11) to base 9
-2762016
What is 13255063 (base 7) in base 5?
303130434
What is 204001 (base 6) in base 13?
761b
What is -33401151 (base 6) in base 12?
-4091b7
-153541110 (base 6) to base 2
-1100011100110001100010
-113c668 (base 14) to base 8
-37260344
4301430334 (base 5) to base 2
100010011000110011000101
What is 202324615 (base 7) in base 10?
11821801
What is -12112001211 (base 3) in base 6?
-2155034
Convert -1b99453 (base 13) to base 4.
-203003103312
Convert 127088 (base 12) to base 3.
120100221212
-13871223 (base 9) to base 15
-913633
What is -2a121 (base 13) in base 10?
-79288
-113989 (base 15) to base 16
-c8c07
Convert -2101234 (base 6) to base 15.
-2009d
340510 (base 12) to base 7
10025220
-73240 (base 10) to base 2
-10001111000011000
-420261 (base 8) to base 13
-4b613
What is 411234 (base 5) in base 15?
3e2e
What is 25b98 (base 14) in base 5?
10432332
-31100101133 (base 4) to base 2
-1101010000010001011111
What is -17066253 (base 9) in base 10?
-8547006
Convert -1022002202222 (base 3) to base 14.
-13db21
What is -811734 (base 11) in base 3?
-2110022111010
-11462 (base 12) to base 8
-55112
Convert -885761 (base 9) to base 7.
-4332463
What is 4d722 (base 15) in base 14?
66530
-336b16 (base 14) to base 3
-10021202221001
Convert -55cd (base 14) to base 15.
-4621
Convert -233444021 (base 5) to base 6.
-35034443
Convert -602e2 (base 16) to base 11.
-249a90
Convert 19467 (base 15) to base 4.
110001031
What is -258476 (base 15) in base 16?
-1b76ce
1034211 (base 6) to base 13
1a587
What is -5876100 (base 11) in base 3?
-201022002200202
Convert 842b1 (base 13) to base 14.
6290a
What is -11001010100010011 (base 2) in base 13?
-3827b
63465 (base 9) to base 4
22033100
Convert -21020010012 (base 3) to base 4.
-202232201
What is 3514325 (base 9) in base 16?
1cfb2f
What is 112331210 (base 6) in base 7?
23453142
What is 27424 (base 13) in base 16?
11df7
1461070 (base 8) to base 3
210020212211
10240221110 (base 5) to base 9
22402677
Convert -121321203 (base 4) to base 8.
-317143
What is 80acc3 (base 15) in base 11?
34a4840
Convert 33223203203 (base 4) to base 6.
224034215
Convert 1b45121 (base 12) to base 5.
2442034024
1455052 (base 6) to base 10
85352
Convert -908489 (base 10) to base 3.
-1201011012202
What is -2921514 (base 12) in base 11?
-4729442
4121673 (base 8) to base 11
685336
What is -10202110220 (base 3) in base 13?
-27897
What is 1966b8 (base 12) in base 7?
3540464
Convert 263a1b (base 12) to base 10.
628727
What is -413422310 (base 5) in base 14?
-324176
What is -119ed5 (base 16) in base 5?
-243423043
What is -141c8f (base 16) in base 4?
-11001302033
What is 1444221333 (base 5) in base 14?
736971
What is 22340140 (base 5) in base 15?
3e14a
193dc8b (base 14) to base 4
233301131103
286448 (base 10) to base 9
475835
-332202410 (base 5) to base 2
-101100000100100001001
Convert 1b699 (base 14) to base 15.
15aab
Convert -1588840 (base 10) to base 11.
-9957a0
What is -40634357 (base 8) in base 2?
-100000110011100011101111
Convert 3035934 (base 10) to base 8.
13451436
Convert ca5dcd (base 14) to base 13.
155cc20
Convert 6285350 (base 10) to base 16.
5fe826
Convert -2456513 (base 9) to base 4.
-11012111202
What is 157271 (base 11) in base 13?
87020
-23b6a (base 14) to base 11
-5a667
74543 (base 15) to base 14
986d9
Convert c6f3 (base 16) to base 14.
147bd
1427b04 (base 14) to base 9
20354271
What is -12130222111 (base 4) in base 6?
-100121141
Convert 6561533 (base 8) to base 13.
4990b2
What is -194011 (base 13) in base 9?
-1170887
1662995 (base 10) to base 6
55351015
What is -8129392 (base 10) in base 4?
-133000231300
-a55782 (base 14) to base 6
-315414530
Convert -3014412412 (base 5) to base 12.
-2020036
33020001 (base 4) to base 3
10010222120
Convert -50b3a (base 12) to base 15.
-2130a
-1644c9 (base 16) to base 11
-907519
Convert 21171 (base 14) to base 4.
103133333
113323332 (base 4) to base 3
11222111100
-257a3 (base 16) to base 15
-3073c
10011011100110101001011 (base 2) to base 4
103130311023
Convert -10110010110110000 (base 2) to base 15.
-1c1e8
Convert -123646356 (base 7) to base 15.
-a59136
What is -10453128 (base 9) in base 8?
-23217470
Convert -1306746 (base 8) to base 13.
-c98b6
What is -10100110001000 (base 2) in base 14?
-3c36
-21443223 (base 5) to base 3
-100111221112
Convert 316773 (base 12) to base 5.
144404240
Convert -4e0e20 (base 16) to base 12.
-1868394
560426 (base 7) to base 8
300541
Convert 52379 (base 10) to base 4.
30302123
1253045551 (base 6) to base 3
1001012012212211
What is 3041364 (base 7) in base 2?
1011000101001001111
-22033 (base 4) to base 11
-546
-cac61 (base 13) to base 14
-97969
Convert 11b72 (base 13) to base 10.
32710
What is -2401242213 (base 5) in base 16?
-53d2b9
Convert 20122100120001 (base 3) to base 9.
6570501
What is -794520 (base 15) in base 2?
-10110000100100100110001
-24d80 (base 15) to base 14
-30cdd
1139e (base 15) to base 6
1101452
101111110011101100 (base 2) to base 7
1443622
Convert 1765612 (base 11) to base 10.
2994158
What is 10220210012 (base 4) in base 12?
4a6b72
35717 (base 9) to base 4
11311213
Convert 100110111010110100101 (base 2) to base 7.
13561036
What is 19f79f (base 16) in base 4?
12133132133
What is -5313c (base 16) in base 7?
-2615040
Convert -2857369 (base 10) to base 13.
-790768
Convert -220212124 (base 6) to base 10.
-3936436
Convert -1919ba3 (base 12) to base 16.
-50506b
What is -12414011042 (base 5) in base 3?
-1001221011121001
5054330 (base 7) to base 4
2102322332
Convert -11152132 (base 9) to base 8.
-24502130
3552624 (base 7) to base 3
211212021010
What is -101020120201102 (base 3) in base 8?
-24610577
Convert -435c2 (base 14) to base 13.
-592a0
-101212200110 (base 3) to base 11
-136942
Convert -b1926 (base 15) to base 11.
-354522
422322 (base 9) to base 3
110202100202
What is -8f5d (base 16) in base 7?
-212000
What is 531280 (base 9) in base 3?
121001022200
314411 (base 7) to base 6
1055502
What is -2402521 (base 6) in base 8?
-364161
101110101100111010 (base 2) to base 10
191290
Convert 16925 (base 14) to base 10.
56677
What is 12202200002 (base 3) in base 12?
5580b
1b837 (base 15) to base 14
24922
What is 122120101011 (base 3) in base 6?
11225004
What is -2240362 (base 8) in base 5?
-123401300
What is -4e05d (base 15) in base 5?
-30443323
2212010001 (base 3) to base 7
322615
What is 40251532 (base 6) in base 12?
470ba8
Convert -1440726 (base 8) to base 6.
-12442250
Convert 527663 (base 8) to base 10.
176051
-115a2 (base 15) to base 2
-1101011111101101
Convert -75dd52 (base 14) to base 15.
-53db2a
What is -2233123233 (base 4) in base 5?
-140443300
Convert c3548c (base 14) to base 6.
353040220
What is -18263 (base 10) in base 7?
-104150
181702 (base 9) to base 2
11011100011000011
What is -10332102110 (base 4) in base 14?
-25d176
What is -55507 (base 11) in base 12?
-3a6a0
114126134 (base 7) to base 3
111022211121112
What is -2046a (base 12) in base 6?
-523014
-655236 (base 16) to base 8
-31251066
What is 1017566 (base 10) in base 4?
3320123132
-630845 (base 12) to base 13
-426566
Convert 44403 (base 8) to base 16.
4903
-63274 (base 9) to base 3
-2010022111
What is -313111331020 (base 4) in base 11?
-8209a63
Convert -22490 (base 11) to base 3.
-1122121201
Convert -11cd99 (base 16) to base 4.
-10130312121
110011210001001 (base 3) to base 12
2201001
-aa7fcf (base 16) to base 4
-222213333033
-3567641 (base 8) to base 14
-1b6a1b
What is 10011134 (base 5) in base 9?
